 tens digit of 751499?
9
What is the units digit of 33636713?
3
What is the units digit of 474926?
6
What is the hundreds digit of 179895?
8
What is the units digit of 200010?
0
What is the thousands digit of 376041?
6
What is the hundred thousands digit of 300401?
3
What is the hundred thousands digit of 1113087?
1
What is the hundreds digit of 240571?
5
What is the thousands digit of 190749?
0
What is the hundreds digit of 615476?
4
What is the millions digit of 1048218?
1
What is the tens digit of 2667925?
2
What is the hundred thousands digit of 38815569?
8
What is the tens digit of 11463?
6
What is the units digit of 4008069?
9
What is the tens digit of 1257300?
0
What is the ten thousands digit of 350357?
5
What is the hundred thousands digit of 873343?
8
What is the tens digit of 92815?
1
What is the hundred thousands digit of 920259?
9
What is the hundreds digit of 64311?
3
What is the tens digit of 427203?
0
What is the thousands digit of 533323?
3
What is the tens digit of 483695?
9
What is the hundred thousands digit of 212884?
2
What is the hundred thousands digit of 824274?
8
What is the millions digit of 4164211?
4
What is the tens digit of 1859123?
2
What is the ten thousands digit of 509318?
0
What is the units digit of 551017?
7
What is the hundreds digit of 856198?
1
What is the thousands digit of 580032?
0
What is the thousands digit of 92367?
2
What is the ten thousands digit of 488542?
8
What is the hundred thousands digit of 237009?
2
What is the hundreds digit of 997963?
9
What is the thousands digit of 5868162?
8
What is the thousands digit of 6272679?
2
What is the thousands digit of 803010?
3
What is the thousands digit of 220620?
0
What is the tens digit of 3546032?
3
What is the millions digit of 1137917?
1
What is the millions digit of 4593881?
4
What is the thousands digit of 2109790?
9
What is the thousands digit of 729142?
9
What is the thousands digit of 2815693?
5
What is the tens digit of 455424?
2
What is the hundred thousands digit of 6065545?
0
What is the ten thousands digit of 1594386?
9
What is the thousands digit of 182539?
2
What is the hundred thousands digit of 131819?
1
What is the thousands digit of 50477?
0
What is the hundred thousands digit of 1054155?
0
What is the thousands digit of 1288386?
8
What is the hundreds digit of 15648585?
5
What is the thousands digit of 295377?
5
What is the hundred thousands digit of 1115494?
1
What is the hundred thousands digit of 164368?
1
What is the thousands digit of 4708924?
8
What is the units digit of 773?
3
What is the hundreds digit of 920156?
1
What is the thousands digit of 420885?
0
What is the tens digit of 1222186?
8
What is the hundreds digit of 1658626?
6
What is the hundreds digit of 724254?
2
What is the hundreds digit of 3368071?
0
What is the thousands digit of 565729?
5
What is the units digit of 348128?
8
What is the hundreds digit of 69632?
6
What is the hundred thousands digit of 687973?
6
What is the tens digit of 80635?
3
What is the thousands digit of 167541?
7
What is the hundred thousands digit of 4547423?
5
What is the hundreds digit of 259308?
3
What is the tens digit of 864077?
7
What is the units digit of 580068?
8
What is the tens digit of 627684?
8
What is the tens digit of 263988?
8
What is the hundreds digit of 390898?
8
What is the ten thousands digit of 5907357?
0
What is the units digit of 12613453?
3
What is the tens digit of 5166726?
2
What is the hundreds digit of 3717?
7
What is the hundred thousands digit of 19600021?
6
What is the hundreds digit of 441616?
6
What is the thousands digit of 1336563?
6
What is the ten thousands digit of 1156977?
5
What is the hundred thousands digit of 1116081?
1
What is the ten thousands digit of 4861353?
6
What is the ten millions digit of 15635113?
1
What is the tens digit of 402539?
3
What is the hundreds digit of 1841346?
3
What is the hundreds digit of 7493828?
8
What is the units digit of 694852?
2
What is the hundred thousands digit of 2228321?
2
What is the thousands digit of 261821?
1
What is the ten thousands digit of 5579468?
7
What is the thousands digit of 13279748?
9
What is the millions digit of 1689238?
1
What is the tens digit of 244520?
2
What is the thousands digit of 707354?
7
What is the ten thousands digit of 30250837?
5
What is the hundred thousands digit of 280206?
2
What is the thousands digit of 221054?
1
What is the hundreds digit of 2433473?
4
What is the ten thousands digit of 228558?
2
What is the thousands digit of 4862072?
2
What is the hundreds digit of 92681?
6
What is the tens digit of 241786?
8
What is the thousands digit of 5073165?
3
What is the millions digit of 37018219?
7
What is the hundreds digit of 1182647?
6
What is the hundred thousands digit of 726221?
7
What is the tens digit of 51515?
1
What is the hundreds digit of 278715?
7
What is the hundreds digit of 6106933?
9
What is the hundred thousands digit of 22786632?
7
What is the hundreds digit of 9089917?
9
What is the hundred thousands digit of 1898266?
8
What is the ten thousands digit of 514287?
1
What is the millions digit of 29643429?
9
What is the units digit of 49384?
4
What is the thousands digit of 705933?
5
What is the ten thousands digit of 152329?
5
What is the tens digit of 883122?
2
What is the units digit of 3349520?
0
What is the hundred thousands digit of 1379296?
3
What is the millions digit of 44087765?
4
What is the thousands digit of 468159?
8
What is the ten millions digit of 16031892?
1
What is the tens digit of 95006?
0
What is the tens digit of 296861?
6
What is the thousands digit of 3049171?
9
What is the hundreds digit of 16934711?
7
What is the ten thousands digit of 194070?
9
What is the hundreds digit of 4670196?
1
What is the hundred thousands digit of 409186?
4
What is the thousands digit of 2449906?
9
What is the ten thousands digit of 196854?
9
What is the units digit of 190963?
3
What is the units digit of 738589?
9
What is the hundreds digit of 120210?
2
What is the hundreds digit of 309335?
3
What is the thousands digit of 22461876?
1
What is the units digit of 172251?
1
What is the hundred thousands digit of 164503?
1
What is the tens digit of 12414687?
8
What is the units digit of 287319?
9
What is the ten thousands digit of 13305225?
0
What is the units digit of 210536?
6
What is the hundreds digit of 7614894?
8
What is the units digit of 548387?
7
What is the ten thousands digit of 1888437?
8
What is the thousands digit of 539651?
9
What is the thousands digit of 863711?
3
What is the ten millions digit of 21978456?
2
What is the hundreds digit of 21991852?
8
What is the tens digit of 2367987?
8
What is the hundreds digit of 3528880?
8
What is the hundred thousands digit of 763366?
7
What is the tens digit of 811441?
4
What is the units digit of 1056232?
2
What is the hundred thousands digit of 254634?
2
What is the hundred thousands digit of 3411987?
4
What is the thousands digit of 597831?
7
What is the thousands digit of 7603964?
3
What is the tens digit of 7365?
6
What is the hundreds digit of 5125345?
3
What is the thousands digit of 409529?
9
What is the hundred thousands digit of 106940?
1
What is the units digit of 479883?
3
What is the tens digit of 3056469?
6
What is the tens digit of 7115895?
9
What is the ten thousands digit of 3339395?
3
What is the ten thousands digit of 83047?
8
What is the millions digit of 1941113?
1
What is the ten thousands digit of 218533?
1
What is the ten thousands digit of 13629167?
2
What is the hundreds digit of 19828745?
7
What is the ten thousands digit of 39582?
3
What is the hundreds digit of 16393460?
4
What is the thousands digit of 87429?
7
What is the ten thousands digit of 733303?
3
What is the tens digit of 2469505?
0
What is the thousands digit of 1607302?
7
What is the hundreds digit of 43297?
2
What is the units digit of 15853587?
7
What is the tens digit of 2053452?
5
What is the hundreds digit of 5858706?
7
What is the thousands digit of 606283?
6
What is the thousands digit of 26543977?
3
What is the ten thousands digit of 379027?
7
What is the ten thousands digit of 76973?
7
What is the hundred thousands digit of 4656480?
6
What is the thousands digit of 10273?
0
What is the millions